5/45. What is the greatest common factor of h and 440?
55
Suppose 18 = 5*s - 52. Let v = -29 + 43. Calculate the greatest common divisor of v and s.
14
Suppose -25*z = -29*z + 1200. What is the highest common divisor of z and 25?
25
Let g = 129 + -63. Suppose 9*y = 11*y - 12. What is the highest common divisor of g and y?
6
Let f(s) = -s**3 + 2*s + 1. Let k be f(2). Let n be k*(-9)/15*5. Let m = 9 + 0. Calculate the greatest common factor of m and n.
9
Let i(q) = -8*q**2 - 47*q - 16. Let c be i(-5). What is the greatest common divisor of 323 and c?
19
Let m be (-20)/25*155/(-2). Let s be -1 + m + (1 - 2). Let x = -39 + s. What is the greatest common divisor of 21 and x?
21
Let o(t) = -3*t + 23. Let m be o(7). Suppose 40 = a + m*y, 3*a - 56 = -y + 49. What is the greatest common divisor of a and 238?
34
Let m = -110 - -146. Calculate the greatest common factor of 162 and m.
18
Let t(c) be the first derivative of 1/2*c**2 + 2 - 4*c. Let o be t(13). What is the highest common divisor of o and 3?
3
Suppose -2*z - 10 = -j, 2*j - 2*z = -6*z + 12. Suppose 0 = -5*y - 6*r + r + 360, -4*r = -j. Calculate the greatest common factor of 10 and y.
10
Let r = 461 + -421. Calculate the greatest common factor of r and 360.
40
Suppose -14*m = -23*m + 189. Calculate the highest common divisor of m and 28.
7
Let z(q) = -q**2 - 9*q - 8. Let y be z(-6). Suppose 5*x - 6 = 2*x. Let i = x + 0. What is the greatest common factor of i and y?
2
Let f be 2/2 + -2 - -61. Suppose -5*b - z + 103 = 0, 8*b - 5*b - 54 = 2*z. Calculate the greatest common factor of b and f.
20
Let n be (-2)/(((-64)/20)/8) + 274. What is the highest common divisor of 62 and n?
31
Suppose -4*z - 2*z = 18. Let a be 49 - (z + -5)/4. Calculate the greatest common factor of 34 and a.
17
Let o = -39 - -60. Suppose 2*l + z - 2*z = 15, -l + 5*z + o = 0. Calculate the highest common factor of l and 3.
3
Let m = 29 - 22. What is the highest common factor of m and 5?
1
Let w be 10*-4*(-5)/50 + 167. What is the greatest common divisor of w and 45?
9
Let t = 2239 - 1863. Calculate the highest common factor of 141 and t.
47
Let p(n) = 2*n**3 - 4*n**2 + 5*n - 10. Let a be p(3). Suppose -7*v + 201 = -a. Let t = 24 - 16. Calculate the highest common divisor of t and v.
8
Let w(k) = 4*k - 2. Let r be w(3). Suppose 0 = -19*g + 2618 - 1098. Calculate the highest common divisor of g and r.
10
Suppose 0*n - 84 = -4*n. Suppose 19*f - 17*f + v - 9 = 0, -3*v = -3*f. What is the highest common divisor of f and n?
3
Let n(l) = -24*l + 126. Let u be n(4). What is the highest common factor of 6 and u?
6
Let m(r) = 5*r - 74. Let a be m(17). Calculate the greatest common divisor of a and 88.
11
Let g be 2/(2/61) + 1 + -6. What is the greatest common divisor of 8 and g?
8
Suppose 3*b - 24 = 3*s, 0 = -0*b - b - 2*s + 20. Let x = b - -2. Suppose -596 = -12*y + 412. What is the highest common factor of x and y?
14
Suppose 0 = -33*z + 2970 + 2607. Calculate the highest common divisor of z and 52.
13
Let b be 326/4 + (-253)/22 + 11. Let p = 20 + -11. What is the greatest common divisor of b and p?
9
Let c be (-52)/(-4) + -6 + 23. What is the greatest common divisor of 30 and c?
30
Suppose 0*h - 3*m = h - 462, -2297 = -5*h - 2*m. What is the highest common factor of h and 27?
27
Let v be (-1264)/(-20) + (64/(-20) - -4). Calculate the highest common divisor of 192 and v.
64
Suppose 0 = f - 36*f + 2100. Suppose 725 = 5*h + 5*m, 2*h + 0*h - 280 = -4*m. Calculate the highest common divisor of f and h.
30
Let h = 47 + -23. Suppose -38 = -b - h. What is the greatest common divisor of 126 and b?
14
Suppose -4*x - 3*r = 72, -3*x + 4*r = -x + 14. Let f be (88/6 + -2)*x/(-10). Calculate the highest common factor of 95 and f.
19
Let q = 30 + -8. Calculate the highest common divisor of q and 143.
11
Let k(v) = 13*v**2 + 5*v + 3. Let n be k(-2). Calculate the greatest common factor of n and 165.
15
Let r(d) = 2*d**2 - 11*d + 5. Let c be r(8). Let a = -37 + c. Let u be 10 - (-4)/((-4)/2). What is the highest common factor of u and a?
8
Suppose 2*p + 5*f = 1579, 4*p + 5*f = 2888 + 255. Calculate the highest common divisor of p and 46.
46
Let a = 4 - -2. Let j be ((-4)/a)/((-12)/54). Suppose j*u = -u + 748. What is the highest common divisor of u and 17?
17
Let p(j) = j**3 - 2*j**2 - 4*j - 5. Let d be p(-4). Let w = 11 - d. Suppose -4*r + n = -3*r - 15, -5*n = -5. Calculate the greatest common factor of w and r.
16
Suppose -504*i = -503*i - 52. What is the greatest common factor of 117 and i?
13
Suppose -b = b + 2. Let t be (-488)/(-22) - ((-4)/22)/b. Calculate the greatest common divisor of 11 and t.
11
Let t = -92 + 189. Suppose -f + 36 = -r - 3*r, 0 = -3*f + r + t. What is the highest common divisor of f and 16?
16
Let v(w) = w + 18. Let l = -13 + 13. Let d be v(l). Let t be (-3)/(d/(-2))*81. Calculate the greatest common divisor of 18 and t.
9
Let g(c) = -c**3 - 8*c**2 - 9*c + 2. Let w be g(-7). Suppose 4*j + 0*j - w = 0. What is the greatest common divisor of j and 4?
4
Let x = 48 + -38. Suppose -3*r = -2*n + 492, -x = 3*r + 2. Calculate the greatest common divisor of n and 30.
30
Let n = 2556 + -2432. Calculate the highest common divisor of n and 806.
62
Let j(m) = 3*m - 13. Let g(i) = -7*i + 26. Let n(u) = -2*g(u) - 5*j(u). Let q be n(-6). What is the highest common factor of q and 95?
19
Suppose 0 = 20*b + 808 - 1208. Calculate the greatest common divisor of 2560 and b.
20
Let g = -138 - -357. Let i be 0 + (g/17 - 2/(-17)). Calculate the greatest common factor of 91 and i.
13
Suppose 0 = -14*p + 3666 + 1878. Calculate the greatest common factor of p and 72.
36
Let s(v) = 241*v - 53. Let l be s(5). What is the highest common factor of 12 and l?
12
Suppose 0 = -291*r + 293*r - 72. Let s = -2 + 4. Suppose w - s*w = -4. Calculate the highest common factor of w and r.
4
Let r(k) = -k + 7. Let q be r(7). Suppose 0 = s - q*s - 200. Let v(u) = u**3 + 8*u**2 + 9*u + 7. Let x be v(-6). Calculate the highest common factor of x and s.
25
Let a = 272 - 266. What is the highest common divisor of 54 and a?
6
Suppose 6*b + 4*b = 1500. What is the highest common factor of 12 and b?
6
Let d(r) = -r**3 - 3*r**2 - r - 23. Let b be d(-6). What is the greatest common factor of 26 and b?
13
Suppose -12*k + 25*k - 104 = 0. What is the highest common divisor of k and 72?
8
Suppose 7*o - 2639 = -22*o. What is the highest common divisor of o and 39?
13
Suppose -7*y - 162 + 848 = 0. Calculate the highest common factor of 14 and y.
14
Let k be (13/4)/(2/8). Suppose x - 197 = -4*z, -5*z + 1075 = 2*x + 3*x. Calculate the greatest common divisor of x and k.
13
Let m(c) = -38*c - 72. Let q be m(-4). Calculate the highest common factor of q and 40.
40
Suppose -4*y + 5*a - 13 = 0, -2*y + 5*y - a = 4. Suppose -y*p = p - 360. What is the highest common divisor of 15 and p?
15
Suppose 30*s - 368 = 7*s. Calculate the highest common divisor of s and 40.
8
Let t = -457 - -483. Suppose -v = -3*s + 5*s - 75, -2*s + 69 = 3*v. Calculate the greatest common divisor of s and t.
13
Suppose 0 = -15*c + 36*c - 4410. What is the highest common divisor of 399 and c?
21
Let b(a) = -a**3 - 12*a**2 - 30*a - 19. Let u be b(-9). What is the greatest common factor of u and 64?
8
Suppose -q + 2*g + 1747 = 4*q, 2*q + 5*g = 722. Calculate the highest common factor of 13 and q.
13
Let z(d) = -1 - 1 - 3*d + 3 + 22*d. Let a be z(1). Suppose -r - 2*r + 150 = 0. Calculate the greatest common factor of a and r.
10
Let w(i) = -i**2 - 15*i - 7. Let f be w(-17). Let r = f + 59. Let m = r - 1. Calculate the greatest common divisor of m and 34.
17
Let w be (6/(-7))/((-5)/(-35)). Let t = 7 + w. Let q be -7 + 103 + t*3. Calculate the greatest common factor of 11 and q.
11
Let x(m) = 3*m + 100. Let a be x(-29). Suppose w - 6 = -0*w. Let q(j) = 3*j**2 - 7*j - 1. Let y be q(w). What is the greatest common factor of a and y?
13
Let x be -1 + (-334)/(-22) + (-82)/451. Let y be 1614/x + 6/(-21). Calculate the greatest common divisor of 23 and y.
23
Suppose 29*c = 265 - 91. What is the greatest common divisor of c and 14?
2
Let u be -4*(-3)/6*-1. Let i be 16/4 + u + 1. Suppose -i*o = -13 - 32. Calculate the greatest common divisor of 3 and o.
3
Let l(a) = 5*a**2 + 54*a + 2. Let w be l(-16). What is the greatest comm